2/(-6)). What is x(r)?
0
Suppose 0 = -3*v + 3*f + 33, 5*f + 69 = 2*v + 44. Let m(i) = -i**2 + 7*i + 13. Calculate m(v).
-17
Let x(k) be the first derivative of k**5/20 - k**4/3 + k**3/6 - k**2/2 - 31*k + 27. Let h(w) be the first derivative of x(w). Determine h(3).
-7
Let c(k) = k + 1. Let p(v) = 1. Let o = -222 - -216. Let g(u) = o*p(u) + c(u). Let n(i) = i**3 - 5*i**2 + 5*i. Let j be n(4). Calculate g(j).
-1
Let v(d) be the second derivative of -d**5/20 + d**4/3 - d**3/3 - 3*d**2/2 - 11*d + 10. Determine v(3).
0
Let u(q) be the first derivative of -q**3/3 - 4*q**2 + 22*q + 505. What is u(-10)?
2
Let n(k) = -62 + 5*k + 27 + 31. Determine n(-6).
-34
Let s(j) = 106 - 36 + 4*j - 39 - 37. Determine s(7).
22
Let x(t) = 14*t**3 + 2*t - 13*t**3 + 2 - 3*t**2 - 2*t**2. Let u(g) = -g**3 + 10*g**2 + 3*g - 9. Let j be u(10). Let m be (j/(-14))/(1/(-2)). Calculate x(m).
-10
Let t be (-3 + 4)*(-1 - -7). Let i(q) be the second derivative of q**4/12 - q**3 + 7*q**2/2 - q - 47. Determine i(t).
7
Let k(f) = -f**2 + 6*f + 1. Let t be k(5). Suppose 185 = 5*o - 4*n, -o + 6 = -3*n - 31. Let a(i) = i**2 + 23 - o + 18 - 6*i. Calculate a(t).
4
Let u be (-3)/6*(-6 - -20). Let m(n) = -n. Determine m(u).
7
Suppose 4 = -3*m - 17. Let i = m - -8. Let n(j) = 9 - 29*j - i + 36*j + j**2. What is n(-6)?
2
Let l(i) = 2*i + i + 41047 - 41135. Determine l(28).
-4
Let r(h) = -7*h**2 + 16*h - 7. Let a(m) = 15*m**2 - 33*m + 14. Suppose 0 = -2*u - 6, p + 0 - 3 = 3*u. Let l(f) = p*a(f) - 13*r(f). Calculate l(8).
-9
Let k(j) be the first derivative of -j**3/3 + 4*j**2 + 13*j + 135. Calculate k(11).
-20
Let o be (-3)/(-12) + 11/4. Suppose -23 + 8 = o*x. Let k(d) be the first derivative of d**4/4 + 5*d**3/3 - d**2 + 31. What is k(x)?
10
Suppose -2*s + 5*s - 9 = 0. Suppose -2*i + 5*y + 22 + 1 = 0, s*i = 5*y + 47. Let w = -29 + i. Let x(o) = o**3 + 6*o**2 + 2*o - 6. Determine x(w).
9
Suppose 0 = -o - 5*m - 22, 3*o - 19 = -0*o + 2*m. Let j = o + -1. Let q(k) = -6*k**2 - 3*k + 2*k + j*k**2 + 0*k**2 - 1. Give q(-1).
-4
Let i = 11 + -6. Let y(s) be the first derivative of s**2/2 - 2*s + 1719. Give y(i).
3
Let o(g) = 2*g**3 + 12*g**2 + 3*g - 9. Let c(w) = 3*w**3 + 18*w**2 + 4*w - 13. Let i(l) = -5*c(l) + 8*o(l). What is i(-5)?
-2
Let g = -322 + 340. Let x(r) = -r**3 + 18*r**2 - r + 15. What is x(g)?
-3
Suppose -5 = i + 11. Let y = 26 - 42. Let d = y - i. Let m(c) = -c**2 + c + 6. Calculate m(d).
6
Let z(t) = -t - 4*t**2 + 5*t + 0*t - 7*t - 2. Let n(k) = -k**3 + 8*k**2 + k - 6. Let p be n(8). Suppose -11 = 4*o + 3*r, 2*o - 3*o + p = -4*r. Give z(o).
-12
Suppose 108 = -7*q + 2*q - 2*c, 0 = -c - 4. Let m = q + 23. Let k(v) be the third derivative of v**4/24 + v**3/3 + v**2. Calculate k(m).
5
Let c(v) = v + 8. Let s(q) = -2*q - 3. Let l(i) = -c(i) - s(i). Determine l(6).
1
Let g(d) = d - 1. Suppose 2 - 7 = 5*p, -2*n - 4*p = 6. Let q(j) = -8*j + 6. Let i(v) = n*q(v) - 5*g(v). Give i(5).
14
Let u be ((-6)/(-15)*45)/(2/1). Let y(o) = 10*o - o**2 + 0*o + 0*o - 13. Calculate y(u).
-4
Let j(t) be the third derivative of -t**6/120 - 2*t**5/15 + t**4/8 - 2*t**3 + 550*t**2. What is j(-9)?
42
Let d(j) = -3*j - 9. Let r = 320 - 328. Calculate d(r).
15
Let m(h) = 7*h**3 + 16*h**2 + 10*h + 11. Let s(u) = 10*u**3 + 24*u**2 + 15*u + 16. Let k(n) = 7*m(n) - 5*s(n). What is k(-7)?
-17
Let m(q) = -q**3 + 7*q**2 + 64*q - 48. Let u be m(12). Let c(y) = -y + 1. Let f(r) = -1. Let h(p) = c(p) + 6*f(p). Calculate h(u).
-5
Let r(b) be the third derivative of b**4/12 + b**3/3 + 3*b**2. Let f = 321 - 317. Determine r(f).
10
Let q(v) = v**2. Let l(r) = -4*r**2 - 2*r - 1. Let i(m) = 2*l(m) + 6*q(m). Let o be (9/2)/(1/2). Let t be (-25)/o - (-14)/(-63). What is i(t)?
-8
Let w(i) = 11*i + 23. Let q(c) = 16*c + 34. Let g(j) = 5*q(j) - 7*w(j). Determine g(-13).
-30
Suppose 2*f = s + f - 5, -3*f = 5*s + 15. Let t be (0/(-2) - 3) + s. Let k be t/(8/20 + -1). Let v(p) = p**2 - 7*p + 6. Determine v(k).
-4
Let s(x) = x**2 + 8. Let z(d) = 6*d**2 + d + 41. Let w(u) = -11*s(u) + 2*z(u). Let h be 2/7 - (-37)/(-7). What is w(h)?
9
Let s be (90/1)/((-3)/(-6) + 1). Let h(b) = 4 + 58*b - s*b + 2*b**2 - b**3 + 2*b**2. Calculate h(3).
7
Let x(z) be the first derivative of -z**3/3 - 13*z**2/2 + 5*z - 366. Give x(-14).
-9
Let d(m) = 61*m + 71. Let p be d(-1). Let j(k) = 4*k**2 - 10*k - 8. Let g(f) = -9*f**2 + 20*f + 15. Let a(n) = 3*g(n) + 7*j(n). What is a(p)?
-11
Let l(b) = -b**2 - 7*b + 14. Let g = 131 - 137. Give l(g).
20
Suppose 8*j + 2559 = 2359. Let h(u) = -u**2 - 24*u + 24. Calculate h(j).
-1
Suppose 3*t = 12, -5*n + 22 = 3*t - 10. Suppose -n = -o - 3. Let a(w) = -93*w**2 + 276*w**2 - 88*w**2 - 83*w**2. Determine a(o).
12
Let b = -12 + 7. Suppose -3*h + 1 + 5 = z, 3*h - 18 = 3*z. Let d(u) = -4*u**2 - 4*u - 4. Let q(m) = -m**2 + m + 1. Let l(g) = z*q(g) + d(g). Calculate l(b).
3
Let s(j) = 3*j + 2434*j**2 + 2 + 4 - 9 - 2435*j**2. Calculate s(2).
-1
Suppose -8*t = -13*t + 15. Let q(o) = 6*o + 1 + 2 + 0. Determine q(t).
21
Let u(i) be the third derivative of -i**4/12 - i**3/3 - 36*i**2. Give u(2).
-6
Let i(l) = -2*l**3 - 3*l**2 + 6*l + 14. Let y be i(-2). Let c(z) = z**2 - z - 10. What is c(y)?
20
Let k(a) = -a + 11. Let p(i) be the first derivative of -3*i**2/2 - 12*i + 27. Let s be p(-4). What is k(s)?
11
Let o(q) = 3*q - 3*q + 4*q**3 + 0*q - 2*q - 2*q**2 - 1. Let d be o(-1). Let c(t) be the second derivative of t**3/6 + 11*t**2/2 - 28*t. What is c(d)?
6
Let d(h) be the third derivative of 0 - 25*h**2 + 0*h - 1/12*h**4 - 1/6*h**3 + 1/20*h**5. What is d(-2)?
15
Let b(t) = 30*t - 21. Let n(x) = 14*x - 10. Let p(u) = 6*b(u) - 13*n(u). Determine p(7).
-10
Let o(n) = n**3 - 3*n**2 - 5*n + 1. Let a be o(4). Let k(s) = s**2 + s + 3. What is k(a)?
9
Let x(a) be the third derivative of 3*a**6/20 - a**5/60 + a**4/12 - a**3/6 - 10*a**2 + 4. What is x(1)?
18
Suppose -4*a + 328 = 3*w, -a + 93 = 5*w - 7*w. Suppose 5*s - 95 + a = 0. Let t(i) = -2*i**2 + 2*i + 2. Determine t(s).
-2
Let n = 1 + -1. Let p(w) = w**2 - w + 0*w - 5 - 1 + 0*w. Give p(n).
-6
Let i = 193 - 197. Let z(a) = a**3 + 5*a**2 + 3*a - 2. Determine z(i).
2
Let v(z) be the second derivative of -z**3/3 + z**2 - 23*z + 2. Give v(5).
-8
Let o(m) = -9*m - 21. Let b(u) = 11*u + 22. Let c(h) = 4*b(h) + 5*o(h). Give c(-9).
-8
Suppose 0 = s + 3*w + 10 + 6, -w + 4 = -2*s. Let o(d) = -d**3 - 3*d**2 + 7*d + 6. What is o(s)?
-6
Let v(c) = -971 - c + 3*c + 972 + c. Give v(-1).
-2
Let i(o) be the second derivative of 23*o**3/3 + 32*o. Calculate i(1).
46
Let k(s) = 2*s**3 - 17*s**2 + 5*s. Let t(d) = -d**3 + 9*d**2 - 3*d - 1. Let p(w) = -4*k(w) - 7*t(w). Give p(6).
-23
Let o(a) = -a + 3*a + a**2 + 2*a. Suppose -5*u + 2*d = -29, 5*u - 22 = -2*d - 1. Suppose -f = -5*h + f - 16, u*h - 5*f = -10. What is o(h)?
0
Let k(i) = -i**2 - 7*i + 4. Suppose -20 = 3*y - 2*o, -5*y + o = -3*o + 30. Suppose -5*l - 9 = -3*u, 2*u - 3*l - 5 = -0. Let s be 64/y - u/5. Calculate k(s).
10
Let v(p) = -4*p**3 + 5*p**3 + 6*p**2 + 2 - 10 + 6 + 5*p. Give v(-5).
-2
Let z(k) = 1. Let o = 167 + -166. Let h(j) = -j + 6. Let p(u) = o*h(u) + z(u). Calculate p(6).
1
Suppose 182*y = 188*y + 30. Let s(h) = -h + 1. Calculate s(y).
6
Let g(w) = 4*w + 50. Let c(v) = 3*v + 45. Let l(a) = -7*c(a) + 6*g(a). Give l(5).
0
Suppose 2*k - 12 = -8. Let b(h) = h**2 + 1 - 3*h - 5*h + k*h. Give b(7).
8
Suppose -2*f - 2*f = -8. Let w(v) = v - f + 1 - v**2 - 4*v + v. Determine w(-3).
-4
Let h(g) = -g - 4. Suppose -u + k = 0, k = -u - 2*k - 8. Let n be 0 - -4 - u - 2. Suppose n*d = 4*r + 8, 0 = 2*d - 7*d + 4*r + 11. What is h(d)?
-7
Let u(c) = -2*c + 5. Suppose -4*g + v = -0*v - 25, 2*v = -4*g + 10. Give u(g).
-5
Let y(g) be the first derivative of -g**4/4 - g**3 + 9*g**2/2 - 7*g + 187. Calculate y(-5).
-2
Let x(q) = -12 - 6*q - 12 - 7*q**2 + q**3 + 18. Give x(8).
10
Let t(g) = -5*g - 2. Suppose -33*z + 10*z = 92. Calculate t(z).
18
Let r(n) = 4*n + 4. Let z(a) = a + 3. Let w(l) = r(l) - 5*z(l). Determine w(-8).
-3
Let o = -90 - -96. Let z(i) = -i**2 - 5 + 2 + o*i + 2*i - 4. Give z(5).
8
Let v(x) = 37 - 29 + 2*x - 13 + 2*x. Give v(2).
3
Let p = -9 - -9. Suppose l - 5*l = p. Let q(h) = 1 + h + 7*h - h + l. Give q(-1).
-6
Let u = -7 - 1. Let c be 12/u*(-8)/6. Let o(g) = -g**c - 8 + 4 + 0*g**2 - 5*g. Determine o(-4).
0
Let r(o) = o**3 + 12*o**2 - o - 4. Let